 by 880?
876
Calculate the remainder when 1374670 is divided by 2841.
2467
Calculate the remainder when 596289 is divided by 138.
129
What is the remainder when 429673 is divided by 3383?
32
What is the remainder when 2163190 is divided by 3380?
3370
What is the remainder when 88689406 is divided by 31130?
36
What is the remainder when 71779261 is divided by 64?
61
What is the remainder when 131046294 is divided by 18720898?
8
What is the remainder when 282259 is divided by 93961?
376
What is the remainder when 245623 is divided by 420?
343
Calculate the remainder when 154651 is divided by 5353.
4767
Calculate the remainder when 4482750 is divided by 7920.
30
Calculate the remainder when 146609 is divided by 156.
125
Calculate the remainder when 50676037 is divided by 67568.
37
Calculate the remainder when 672758 is divided by 134545.
33
What is the remainder when 256389 is divided by 789?
753
Calculate the remainder when 1586476 is divided by 9615.
1
Calculate the remainder when 7814 is divided by 516.
74
Calculate the remainder when 81247257 is divided by 1184.
1177
Calculate the remainder when 2924722 is divided by 182795.
2
What is the remainder when 2027953 is divided by 337989?
19
Calculate the remainder when 7319673 is divided by 39.
36
Calculate the remainder when 1021229 is divided by 1121.
1119
Calculate the remainder when 66487487 is divided by 20849.
26
What is the remainder when 107638 is divided by 752?
102
Calculate the remainder when 264196 is divided by 37730.
86
Calculate the remainder when 765590 is divided by 29435.
280
What is the remainder when 422433 is divided by 614?
1
Calculate the remainder when 844515 is divided by 82.
79
Calculate the remainder when 14100182 is divided by 87038.
26
Calculate the remainder when 154187 is divided by 15369.
497
Calculate the remainder when 446119 is divided by 446058.
61
Calculate the remainder when 580553983 is divided by 4103.
4101
What is the remainder when 3762530 is divided by 589?
587
What is the remainder when 5533188 is divided by 1844395?
3
What is the remainder when 824658 is divided by 274884?
6
What is the remainder when 1355808 is divided by 71279?
1507
What is the remainder when 2041034 is divided by 258?
254
Calculate the remainder when 21578285 is divided by 67.
64
What is the remainder when 4880910 is divided by 339?
327
What is the remainder when 319998291 is divided by 906?
903
What is the remainder when 15615598 is divided by 870?
838
Calculate the remainder when 504030 is divided by 41.
17
Calculate the remainder when 5874337 is divided by 44.
29
What is the remainder when 145415 is divided by 4700?
4415
Calculate the remainder when 394437 is divided by 392571.
1866
Calculate the remainder when 49286 is divided by 11.
6
Calculate the remainder when 599657 is divided by 703.
701
What is the remainder when 34784860 is divided by 174?
172
Calculate the remainder when 30027 is divided by 2299.
140
What is the remainder when 274373 is divided by 91359?
296
Calculate the remainder when 1022292 is divided by 663.
609
Calculate the remainder when 256211 is divided by 126757.
2697
What is the remainder when 1859008 is divided by 845?
8
Calculate the remainder when 443711 is divided by 221440.
831
What is the remainder when 4642562 is divided by 9592?
34
What is the remainder when 513417 is divided by 312?
177
Calculate the remainder when 281446 is divided by 281277.
169
Calculate the remainder when 817208 is divided by 6656.
5176
Calculate the remainder when 24436757 is divided by 1906.
1837
Calculate the remainder when 362505 is divided by 625.
5
What is the remainder when 41207615 is divided by 93?
59
What is the remainder when 4495 is divided by 13?
10
What is the remainder when 9610555 is divided by 9610520?
35
What is the remainder when 6235 is divided by 974?
391
What is the remainder when 336397523 is divided by 112132505?
8
Calculate the remainder when 782494 is divided by 260812.
58
What is the remainder when 42352133 is divided by 10588021?
49
What is the remainder when 2888914 is divided by 880?
754
Calculate the remainder when 57479 is divided by 28731.
17
Calculate the remainder when 74858024 is divided by 37.
31
Calculate the remainder when 55920 is divided by 18397.
729
What is the remainder when 38138060 is divided by 128?
76
What is the remainder when 24561512 is divided by 137986?
4
What is the remainder when 75951835 is divided by 243?
241
Calculate the remainder when 1341812 is divided by 2886.
2708
Calculate the remainder when 1876803 is divided by 89.
60
What is the remainder when 1368959 is divided by 272?
255
What is the remainder when 7555704 is divided by 3746?
22
What is the remainder when 289169 is divided by 4617?
2915
Calculate the remainder when 106658754 is divided by 12.
6
Calculate the remainder when 352312 is divided by 105.
37
Calculate the remainder when 468992 is divided by 64.
0
Calculate the remainder when 7254589 is divided by 61.
42
Calculate the remainder when 1055194 is divided by 52.
10
What is the remainder when 3232025 is divided by 70261?
19
Calculate the remainder when 122999 is divided by 2303.
940
What is the remainder when 782208 is divided by 3446?
3412
What is the remainder when 491367 is divided by 6551?
42
What is the remainder when 370000 is divided by 123317?
49
What is the remainder when 311757149 is divided by 34?
31
What is the remainder when 132770067 is divided by 2924?
2923
Calculate the remainder when 387066 is divided by 3252.
78
Calculate the remainder when 4012110 is divided by 2005817.
476
Calculate the remainder when 306084 is divided by 111.
57
Calculate the remainder when 753443 is divided by 364.
327
What is the remainder when 5629 is divided by 1323?
337
Calculate the remainder when 45243390 is divided by 1157.
62
Calculate the remainder when 24082848 is divided by 130.
88
What is the remainder when 7773146 is divided by 326?
2
What is the remainder when 880537 is divided by 559?
112
Calculate the remainder when 32912802 is divided by 192472.
90
What is the remainder when 108908247 is divided by 258?
255
What is the remainder when 13010769 is divided by 6505382?
5
What is the remainder when 739575 is divided by 6?
3
Calculate the remainder when 16305722 is divided by 41917.
9
Calculate the remainder when 220914784 is divided by 35.
34
What is the remainder when 792138773 is divided by 7?
6
What is the remainder when 93197165 is divided by 4?
1
What is the remainder when 19903384 is divided by 45338?
2
Calculate the remainder when 38999 is divided by 1571.
1295
What is the remainder when 7894998 is divided by 1315833?
0
What is the remainder when 568179 is divided by 1846?
1457
What is the remainder when 5549099 is divided by 55?
39
What is the remainder when 3201124 is divided by 6739?
99
What is the remainder when 714163 is divided by 182?
177
What is the remainder when 8713 is divided by 7867?
846
Calculate the remainder when 53578172 is divided by 38.
34
Calculate the remainder when 7929951 is divided by 118.
115
Calculate the remainder when 109463 is divided by 7270.
413
Calculate the remainder when 417942 is divided by 208963.
16
Calculate the remainder when 505974 is divided by 47.
19
What is the remainder when 185716 is divided by 5011?
309
What is the remainder when 9731394 is divided by 15?
9
Calculate the remainder when 529513 is divided by 3213.
2581
What is the remainder when 114154207 is divided by 5435914?
13
Calculate the remainder when 1013274 is divided by 144736.
122
What is the remainder when 2575118 is divided by 981?
974
What is the remainder when 52781193 is divided by 635?
628
What is the remainder when 90725943 is divided by 124?
103
What is the remainder when 593575017 is divided by 17?
8
Calculate the remainder when 11870639 is divided by 98.
95
Calculate the remainder when 2472110 is divided by 16.
14
Calculate the remainder when 134560 is divided by 552.
424
Calculate the remainder when 74942 is divided by 34257.
6428
Calculate the remainder when 11944992 is divided by 100.
92
Calculate the remainder when 57565227 is divided by 194.
189
What is the remainder when 394014 is divided by 990?
984
Calculate the remainder when 6545337 is divided by 17.
14
Calculate the rema